{"id":87,"date":"2010-03-10T19:49:30","date_gmt":"2010-03-10T19:49:30","guid":{"rendered":"https:\/\/jonglieren-in-freiburg.de\/?page_id=87"},"modified":"2026-02-14T17:03:40","modified_gmt":"2026-02-14T17:03:40","slug":"anreise","status":"publish","type":"page","link":"https:\/\/jonglieren-in-freiburg.de\/?page_id=87","title":{"rendered":"Anreise"},"content":{"rendered":"<p><a href=\"https:\/\/jonglieren-in-freiburg.de\/wp-content\/uploads\/2010\/03\/beutel.jpg\"><img loading=\"lazy\" decoding=\"async\" class=\"aligncenter size-large wp-image-1089\" src=\"https:\/\/jonglieren-in-freiburg.de\/wp-content\/uploads\/2010\/03\/beutel-1024x683.jpg\" alt=\"\" width=\"840\" height=\"560\" srcset=\"https:\/\/jonglieren-in-freiburg.de\/wp-content\/uploads\/2010\/03\/beutel.jpg 1024w, https:\/\/jonglieren-in-freiburg.de\/wp-content\/uploads\/2010\/03\/beutel-300x200.jpg 300w, https:\/\/jonglieren-in-freiburg.de\/wp-content\/uploads\/2010\/03\/beutel-768x512.jpg 768w\" sizes=\"auto, (max-width: 709px) 85vw, (max-width: 909px) 67vw, (max-width: 1362px) 62vw, 840px\" \/><\/a><\/p>\n<p>Unsere Festivaladresse:&nbsp;<a href=\"https:\/\/www.openstreetmap.org\/?mlat=48.01181&amp;mlon=7.82208#map=18\/48.01181\/7.82208\">Falkenbergerstr. 21, 79110 Freiburg<\/a><\/p>\n<p id=\"map\"><iframe loading=\"lazy\" src=\"https:\/\/umap.openstreetmap.fr\/de\/map\/freiburg-juggling-convention-map_38876?scaleControl=false&amp;miniMap=false&amp;scrollWheelZoom=false&amp;zoomControl=true&amp;allowEdit=false&amp;moreControl=true&amp;datalayersControl=true&amp;onLoadPanel=undefined&amp;captionBar=false\" width=\"100%\" height=\"400px\" frameborder=\"0\"><\/iframe><\/p>\n<p><a href=\"https:\/\/umap.openstreetmap.fr\/de\/map\/freiburg-juggling-convention-map_38876\">Vollbildanzeige<\/a><\/p>\n<h3>Mit \u00f6ffentlichen Verkehrsmitteln<\/h3>\n<p>Wenn ihr mit dem Zug kommt (<a href=\"https:\/\/reiseauskunft.bahn.de\/bin\/query.exe\/dn?Z=Berliner+Allee%2C+Freiburg+im+Breisgau&amp;dbkanal_004=L01_S01_D001_KPK0064_jonglieren-in-freiburg-de_LZ03\" data-wplink-edit=\"true\">Verbindungssuche<\/a>), steigt am Freiburger Hauptbahnhof aus. Danach folgt ihr dem Bahnsteig in Richtung Stadtbahnbr\u00fccke. Diese seht ihr schon vom Bahnsteig aus. Nachdem ihr hinaufgeklettert, mit der Rolltreppe hochgerollt oder mit dem Aufzug hinaufgefahren seid, steigt ihr in die TRAM 4 Richtung Messe\/Universit\u00e4t ein. Steigt an der Berliner Allee aus und folgt der Ensisheimer Stra\u00dfe (auf der gegen\u00fcberliegenden Seite der Kreuzung) bzw. den Hinweisschildern zur Jonglierhalle. Die Freiburger Verkehrs AG findet ihr unter:&nbsp;<a href=\"http:\/\/www.vag-freiburg.de\">www.vag-freiburg.de<\/a><\/p>\n<h3><a href=\"https:\/\/jonglieren-in-freiburg.de\/wp-content\/uploads\/2023\/06\/resized027-1.jpg\"><img loading=\"lazy\" decoding=\"async\" class=\"alignnone size-medium wp-image-2752\" src=\"https:\/\/jonglieren-in-freiburg.de\/wp-content\/uploads\/2023\/06\/resized027-1-300x200.jpg\" alt=\"\" width=\"300\" height=\"200\" srcset=\"https:\/\/jonglieren-in-freiburg.de\/wp-content\/uploads\/2023\/06\/resized027-1-300x200.jpg 300w, https:\/\/jonglieren-in-freiburg.de\/wp-content\/uploads\/2023\/06\/resized027-1-768x512.jpg 768w, https:\/\/jonglieren-in-freiburg.de\/wp-content\/uploads\/2023\/06\/resized027-1.jpg 1024w\" sizes=\"auto, (max-width: 300px) 85vw, 300px\" \/><\/a><\/h3>\n<h3>Mit dem Auto<\/h3>\n<p>Am besten die Abfahrt Freiburg Mitte w\u00e4hlen und dann vom Autobahnzubringer die Ausfahrt Berliner Allee Richtung Messe nehmen. Der Stra\u00dfe folgen bis hinter den Sportpl\u00e4tzen auf der linken Seite ebenfalls links die Ensisheimer Stra\u00dfe abgeht. Dieser k\u00f6nnt ihr bis zur Jonglierhalle folgen.<\/p>\n<p>Kostenfreie Parkpl\u00e4tze gibt es zum Beispiel entlang der Falkenbergerstra\u00dfe und der Ensisheimer Stra\u00dfe. Auch die Parkpl\u00e4tze vor dem Bowlingcenter und gegen\u00fcber des Eisstadions sind kostenfrei nutzbar.&nbsp; Angaben ohne Gew\u00e4hr. Bitte achtet auf die Beschilderungen. Wir bitten euch darum <strong>nicht<\/strong> die Parkpl\u00e4tze des Westbades zu belegen.<\/p>\n","protected":false},"excerpt":{"rendered":"<p>Unsere Festivaladresse:&nbsp;Falkenbergerstr. 21, 79110 Freiburg Vollbildanzeige Mit \u00f6ffentlichen Verkehrsmitteln Wenn ihr mit dem Zug kommt (Verbindungssuche), steigt am Freiburger Hauptbahnhof aus. Danach folgt ihr dem Bahnsteig in Richtung Stadtbahnbr\u00fccke. Diese seht ihr schon vom Bahnsteig aus. Nachdem ihr hinaufgeklettert, mit der Rolltreppe hochgerollt oder mit dem Aufzug hinaufgefahren seid, steigt ihr in die TRAM 4 &hellip; <a href=\"https:\/\/jonglieren-in-freiburg.de\/?page_id=87\" class=\"more-link\"><span class=\"screen-reader-text\">&#8222;Anreise&#8220; <\/span>weiterlesen<\/a><\/p>\n","protected":false},"author":1,"featured_media":0,"parent":40,"menu_order":1,"comment_status":"closed","ping_status":"closed","template":"","meta":{"ngg_post_thumbnail":0,"footnotes":""},"class_list":["post-87","page","type-page","status-publish","hentry"],"_links":{"self":[{"href":"https:\/\/jonglieren-in-freiburg.de\/index.php?rest_route=\/wp\/v2\/pages\/87","targetHints":{"allow":["GET"]}}],"collection":[{"href":"https:\/\/jonglieren-in-freiburg.de\/index.php?rest_route=\/wp\/v2\/pages"}],"about":[{"href":"https:\/\/jonglieren-in-freiburg.de\/index.php?rest_route=\/wp\/v2\/types\/page"}],"author":[{"embeddable":true,"href":"https:\/\/jonglieren-in-freiburg.de\/index.php?rest_route=\/wp\/v2\/users\/1"}],"replies":[{"embeddable":true,"href":"https:\/\/jonglieren-in-freiburg.de\/index.php?rest_route=%2Fwp%2Fv2%2Fcomments&post=87"}],"version-history":[{"count":78,"href":"https:\/\/jonglieren-in-freiburg.de\/index.php?rest_route=\/wp\/v2\/pages\/87\/revisions"}],"predecessor-version":[{"id":3059,"href":"https:\/\/jonglieren-in-freiburg.de\/index.php?rest_route=\/wp\/v2\/pages\/87\/revisions\/3059"}],"up":[{"embeddable":true,"href":"https:\/\/jonglieren-in-freiburg.de\/index.php?rest_route=\/wp\/v2\/pages\/40"}],"wp:attachment":[{"href":"https:\/\/jonglieren-in-freiburg.de\/index.php?rest_route=%2Fwp%2Fv2%2Fmedia&parent=87"}],"curies":[{"name":"wp","href":"https:\/\/api.w.org\/{rel}","templated":true}]}}