{"id":40,"date":"2010-03-10T17:22:03","date_gmt":"2010-03-10T17:22:03","guid":{"rendered":"https:\/\/jonglieren-in-freiburg.de\/?page_id=40"},"modified":"2026-04-01T19:54:36","modified_gmt":"2026-04-01T19:54:36","slug":"veranstaltungsort","status":"publish","type":"page","link":"https:\/\/jonglieren-in-freiburg.de\/?page_id=40","title":{"rendered":"Veranstaltungsort"},"content":{"rendered":"\n<p>Auf dieser Seite m\u00f6chten wir euch einen Eindruck von den Orten geben, an denen das Jonglierfestival stattfindet.<\/p>\n\n\n\n<p>Zum Jonglieren, f\u00fcr die Shows und zum Schlafen stehen uns die Sporthallen der Wentzinger Schulen zur Verf\u00fcgung. Der direkt angrenzende Seepark l\u00e4dt dar\u00fcber hinaus bei gutem Wetter zum Spielen und Verweilen ein.<\/p>\n\n\n\n<h3 class=\"wp-block-heading\"><strong>Sporthalle der Wentzinger Schule<br><\/strong><\/h3>\n\n\n<div class=\"wp-block-image\">\n<figure class=\"alignright\"><a href=\"https:\/\/jonglieren-in-freiburg.de\/wp-content\/uploads\/2025\/11\/IMG_20240906_211012-scaled.jpg\"><img loading=\"lazy\" decoding=\"async\" width=\"300\" height=\"225\" src=\"https:\/\/jonglieren-in-freiburg.de\/wp-content\/uploads\/2025\/11\/IMG_20240906_211012-300x225.jpg\" alt=\"\" class=\"wp-image-2992\" srcset=\"https:\/\/jonglieren-in-freiburg.de\/wp-content\/uploads\/2025\/11\/IMG_20240906_211012-300x225.jpg 300w, https:\/\/jonglieren-in-freiburg.de\/wp-content\/uploads\/2025\/11\/IMG_20240906_211012-1024x768.jpg 1024w, https:\/\/jonglieren-in-freiburg.de\/wp-content\/uploads\/2025\/11\/IMG_20240906_211012-768x576.jpg 768w, https:\/\/jonglieren-in-freiburg.de\/wp-content\/uploads\/2025\/11\/IMG_20240906_211012-1536x1152.jpg 1536w, https:\/\/jonglieren-in-freiburg.de\/wp-content\/uploads\/2025\/11\/IMG_20240906_211012-2048x1536.jpg 2048w, https:\/\/jonglieren-in-freiburg.de\/wp-content\/uploads\/2025\/11\/IMG_20240906_211012-1200x900.jpg 1200w\" sizes=\"auto, (max-width: 300px) 85vw, 300px\" \/><\/a><\/figure>\n<\/div>\n\n\n<p>Sie ist das Herz des Festivals. Mit rund 1000 m\u00b2 Fl\u00e4che, gro\u00dfer Deckenh\u00f6he, guten Lichtverh\u00e4ltnissen und Tresen ist sie optimal als Jonglierhalle geeignet. Hier finden auch die <a href=\"https:\/\/jonglieren-in-freiburg.de\/?page_id=67\" target=\"_self\" rel=\"noopener noreferrer\">Open Stage<\/a> und <a href=\"https:\/\/jonglieren-in-freiburg.de\/?page_id=25\">die&nbsp; professionelle Show<\/a> in einem extra daf\u00fcr eingerichteten Hallendrittel statt.<\/p>\n\n\n<div class=\"wp-block-image\">\n<figure class=\"alignleft\"><a href=\"https:\/\/jonglieren-in-freiburg.de\/wp-content\/uploads\/2022\/12\/DSC_9018.jpg\"><img loading=\"lazy\" decoding=\"async\" width=\"300\" height=\"200\" src=\"https:\/\/jonglieren-in-freiburg.de\/wp-content\/uploads\/2022\/12\/DSC_9018-300x200.jpg\" alt=\"\" class=\"wp-image-2483\" srcset=\"https:\/\/jonglieren-in-freiburg.de\/wp-content\/uploads\/2022\/12\/DSC_9018-300x200.jpg 300w, https:\/\/jonglieren-in-freiburg.de\/wp-content\/uploads\/2022\/12\/DSC_9018-768x512.jpg 768w, https:\/\/jonglieren-in-freiburg.de\/wp-content\/uploads\/2022\/12\/DSC_9018.jpg 1024w\" sizes=\"auto, (max-width: 300px) 85vw, 300px\" \/><\/a><\/figure>\n<\/div>\n\n\n<p>Die Halle befindet sich in der Falkenbergstra\u00dfe 21 in Freiburg im Breisgau. Eine Anfahrtsbeschreibung zusammen mit einer Karte des Gel\u00e4ndes findet ihr <a href=\"https:\/\/jonglieren-in-freiburg.de\/?page_id=87#map\" target=\"_blank\" rel=\"noopener noreferrer\">hier<\/a>.<\/p>\n\n\n\n<h3 class=\"wp-block-heading\"><strong>Der Seepark<\/strong><\/h3>\n\n\n<div class=\"wp-block-image\">\n<figure class=\"alignright\"><a href=\"https:\/\/jonglieren-in-freiburg.de\/wp-content\/uploads\/2010\/03\/DSC01673.jpg\"><img loading=\"lazy\" decoding=\"async\" width=\"300\" height=\"200\" src=\"https:\/\/jonglieren-in-freiburg.de\/wp-content\/uploads\/2010\/03\/DSC01673-300x200.jpg\" alt=\"\" class=\"wp-image-653\" srcset=\"https:\/\/jonglieren-in-freiburg.de\/wp-content\/uploads\/2010\/03\/DSC01673-300x200.jpg 300w, https:\/\/jonglieren-in-freiburg.de\/wp-content\/uploads\/2010\/03\/DSC01673-768x512.jpg 768w, https:\/\/jonglieren-in-freiburg.de\/wp-content\/uploads\/2010\/03\/DSC01673-1024x683.jpg 1024w, https:\/\/jonglieren-in-freiburg.de\/wp-content\/uploads\/2010\/03\/DSC01673-1200x800.jpg 1200w\" sizes=\"auto, (max-width: 300px) 85vw, 300px\" \/><\/a><\/figure>\n<\/div>\n\n\n<p>Der Seepark &#8211; direkt hinter der Jonglierhalle gelegen &#8211; bietet gro\u00dfz\u00fcgige Freifl\u00e4chen zum Jonglieren und Verweilen. Es gibt einen kleinen Sportplatz und auf dem angrenzenden Schulhof eine befestigte Fl\u00e4che zum Basketballspielen, Einrad- oder Skateboardfahren. Wem das nicht zu kalt ist, der darf gerne auch im See baden.<\/p>\n\n\n\n<h3 class=\"wp-block-heading\"><strong>Schlafen und Zelten<br><\/strong><\/h3>\n\n\n<div class=\"wp-block-image\">\n<figure class=\"alignright\"><img loading=\"lazy\" decoding=\"async\" width=\"300\" height=\"225\" src=\"https:\/\/jonglieren-in-freiburg.de\/wp-content\/uploads\/2010\/03\/schlaf-300x225.png\" alt=\"\" class=\"wp-image-159\" title=\"schlaf\" srcset=\"https:\/\/jonglieren-in-freiburg.de\/wp-content\/uploads\/2010\/03\/schlaf-300x225.png 300w, https:\/\/jonglieren-in-freiburg.de\/wp-content\/uploads\/2010\/03\/schlaf.png 550w\" sizes=\"auto, (max-width: 300px) 85vw, 300px\" \/><\/figure>\n<\/div>\n\n\n<p>Geschlafen wird voraussichtlich in einer Sporthalle direkt neben der Jonglierhalle.<\/p>\n\n\n\n<p>Ebenso haben wir auf dem Schulhof neben der Jonglierhalle einen Zeltplatz, auf dem ihr es euch mit eurem eigenen Zelt gem\u00fctlich machen k\u00f6nnt.<\/p>\n\n\n\n<p>Wir sind mit der Schule in Kontakt, um \u00fcber die zus\u00e4tzliche M\u00f6glichkeit der \u00dcbernachtung in Klassenr\u00e4umen zu verhandeln. Aktuell k\u00f6nnen wir nicht versprechen, dass dies m\u00f6glich sein wird.<\/p>\n\n\n\n<p>&nbsp;<\/p>\n\n\n\n<p class=\"has-text-align-center\"><strong>Im umz\u00e4unten Bereich hinter der Jonglierhalle wird das Zelten leider nicht mehr m\u00f6glich sein!<\/strong><\/p>\n\n\n\n<p>Falls ihr euch f\u00fcr den Zeltplatz auf dem Schulhof entscheidet, beachtet bitte folgendes: Der Zeltplatz vor der Halle ist nicht abgez\u00e4unt oder \u00fcberwacht und befindet sich in einer Innenstadtanlage direkt am Park mit reichlich Pubikumsverkehr. Wir als die Veranstalter \u00fcbernehmen deswegen keine Garantie daf\u00fcr, dass eure Dinge im Zelt bleiben und die Zelte keinem Vandalismus zum Opfer fallen, auch wenn wir in den letzten Jahren keine schlechten Erfahrungen gesammelt haben.<\/p>\n\n\n\n<p>Die Zelte d\u00fcrfen erst ab Mittwoch Abend aufgestellt werden und m\u00fcssen Sonntag Mittag wieder abgebaut werden. Es darf nur auf dem Schulhof gegen\u00fcber der Jonglierhalle gezeltet werden, im angrenzenden Park darf nicht gezeltet werden. Duschen und Toiletten k\u00f6nnen ganz normal in der&nbsp; Jonglierhalle mit genutzt werden, so dass gen\u00fcgend sanit\u00e4re Anlagen vorhanden sind.<\/p>\n\n\n<div class=\"wp-block-image\">\n<figure class=\"alignleft size-large is-resized\"><a href=\"https:\/\/jonglieren-in-freiburg.de\/wp-content\/uploads\/2025\/11\/IMG_20240906_220252-scaled.jpg\"><img loading=\"lazy\" decoding=\"async\" width=\"1024\" height=\"768\" src=\"https:\/\/jonglieren-in-freiburg.de\/wp-content\/uploads\/2025\/11\/IMG_20240906_220252-1024x768.jpg\" alt=\"\" class=\"wp-image-2993\" style=\"aspect-ratio:1.3333334219248971;width:535px;height:auto\" srcset=\"https:\/\/jonglieren-in-freiburg.de\/wp-content\/uploads\/2025\/11\/IMG_20240906_220252-1024x768.jpg 1024w, https:\/\/jonglieren-in-freiburg.de\/wp-content\/uploads\/2025\/11\/IMG_20240906_220252-300x225.jpg 300w, https:\/\/jonglieren-in-freiburg.de\/wp-content\/uploads\/2025\/11\/IMG_20240906_220252-768x576.jpg 768w, https:\/\/jonglieren-in-freiburg.de\/wp-content\/uploads\/2025\/11\/IMG_20240906_220252-1536x1152.jpg 1536w, https:\/\/jonglieren-in-freiburg.de\/wp-content\/uploads\/2025\/11\/IMG_20240906_220252-2048x1536.jpg 2048w, https:\/\/jonglieren-in-freiburg.de\/wp-content\/uploads\/2025\/11\/IMG_20240906_220252-1200x900.jpg 1200w\" sizes=\"auto, (max-width: 709px) 85vw, (max-width: 909px) 67vw, (max-width: 1362px) 62vw, 840px\" \/><\/a><\/figure>\n<\/div>\n\n\n<p><\/p>\n","protected":false},"excerpt":{"rendered":"<p>Auf dieser Seite m\u00f6chten wir euch einen Eindruck von den Orten geben, an denen das Jonglierfestival stattfindet. Zum Jonglieren, f\u00fcr die Shows und zum Schlafen stehen uns die Sporthallen der Wentzinger Schulen zur Verf\u00fcgung. Der direkt angrenzende Seepark l\u00e4dt dar\u00fcber hinaus bei gutem Wetter zum Spielen und Verweilen ein. Sporthalle der Wentzinger Schule Sie ist &hellip; <a href=\"https:\/\/jonglieren-in-freiburg.de\/?page_id=40\" class=\"more-link\"><span class=\"screen-reader-text\">&#8222;Veranstaltungsort&#8220; <\/span>weiterlesen<\/a><\/p>\n","protected":false},"author":1,"featured_media":0,"parent":20,"menu_order":25,"comment_status":"closed","ping_status":"closed","template":"","meta":{"ngg_post_thumbnail":0,"footnotes":""},"class_list":["post-40","page","type-page","status-publish","hentry"],"_links":{"self":[{"href":"https:\/\/jonglieren-in-freiburg.de\/index.php?rest_route=\/wp\/v2\/pages\/40","targetHints":{"allow":["GET"]}}],"collection":[{"href":"https:\/\/jonglieren-in-freiburg.de\/index.php?rest_route=\/wp\/v2\/pages"}],"about":[{"href":"https:\/\/jonglieren-in-freiburg.de\/index.php?rest_route=\/wp\/v2\/types\/page"}],"author":[{"embeddable":true,"href":"https:\/\/jonglieren-in-freiburg.de\/index.php?rest_route=\/wp\/v2\/users\/1"}],"replies":[{"embeddable":true,"href":"https:\/\/jonglieren-in-freiburg.de\/index.php?rest_route=%2Fwp%2Fv2%2Fcomments&post=40"}],"version-history":[{"count":50,"href":"https:\/\/jonglieren-in-freiburg.de\/index.php?rest_route=\/wp\/v2\/pages\/40\/revisions"}],"predecessor-version":[{"id":3144,"href":"https:\/\/jonglieren-in-freiburg.de\/index.php?rest_route=\/wp\/v2\/pages\/40\/revisions\/3144"}],"up":[{"embeddable":true,"href":"https:\/\/jonglieren-in-freiburg.de\/index.php?rest_route=\/wp\/v2\/pages\/20"}],"wp:attachment":[{"href":"https:\/\/jonglieren-in-freiburg.de\/index.php?rest_route=%2Fwp%2Fv2%2Fmedia&parent=40"}],"curies":[{"name":"wp","href":"https:\/\/api.w.org\/{rel}","templated":true}]}}