{"id":1988,"date":"2020-01-17T17:17:56","date_gmt":"2020-01-17T17:17:56","guid":{"rendered":"https:\/\/jonglieren-in-freiburg.de\/?page_id=1988"},"modified":"2026-05-06T21:19:13","modified_gmt":"2026-05-06T21:19:13","slug":"verpflegung","status":"publish","type":"page","link":"https:\/\/jonglieren-in-freiburg.de\/?page_id=1988","title":{"rendered":"Verpflegung"},"content":{"rendered":"\n<p>Auf dem Festival werden neben Getr\u00e4nken auch kleine abgepackte Snacks verkauft.<\/p>\n\n\n\n<p>Am Freitag werden wir ein Abendessen zum Selbstkostenpreis anbieten (solange der Vorrat reicht).<\/p>\n\n\n<div class=\"wp-block-image\">\n<figure class=\"aligncenter size-full is-resized\"><a href=\"https:\/\/jonglieren-in-freiburg.de\/wp-content\/uploads\/2023\/06\/resized000.jpg\"><img loading=\"lazy\" decoding=\"async\" width=\"1024\" height=\"683\" src=\"https:\/\/jonglieren-in-freiburg.de\/wp-content\/uploads\/2023\/06\/resized000.jpg\" alt=\"\" class=\"wp-image-2719\" style=\"aspect-ratio:1.5;width:606px;height:auto\" srcset=\"https:\/\/jonglieren-in-freiburg.de\/wp-content\/uploads\/2023\/06\/resized000.jpg 1024w, https:\/\/jonglieren-in-freiburg.de\/wp-content\/uploads\/2023\/06\/resized000-300x200.jpg 300w, https:\/\/jonglieren-in-freiburg.de\/wp-content\/uploads\/2023\/06\/resized000-768x512.jpg 768w\" sizes=\"auto, (max-width: 709px) 85vw, (max-width: 909px) 67vw, (max-width: 1362px) 62vw, 840px\" \/><\/a><\/figure>\n<\/div>\n\n\n<p>Neben dem Stand auf dem Festivalgel\u00e4nde gibt es in der N\u00e4heren Umgebung zum Festivalgel\u00e4nde weitere M\u00f6glichkeiten Lebensmittel ein zu kaufen oder in verschiedenen Restaurants etwas essen zu gehen. <br>Eine \u00dcbersichtkarte mit diesen M\u00f6glichkeiten findet ihr <a href=\"https:\/\/jonglieren-in-freiburg.de\/?page_id=87#map\" target=\"_blank\" rel=\"noopener noreferrer\">hier<\/a><a>.<\/a><br><\/p>\n","protected":false},"excerpt":{"rendered":"<p>Auf dem Festival werden neben Getr\u00e4nken auch kleine abgepackte Snacks verkauft. Am Freitag werden wir ein Abendessen zum Selbstkostenpreis anbieten (solange der Vorrat reicht). Neben dem Stand auf dem Festivalgel\u00e4nde gibt es in der N\u00e4heren Umgebung zum Festivalgel\u00e4nde weitere M\u00f6glichkeiten Lebensmittel ein zu kaufen oder in verschiedenen Restaurants etwas essen zu gehen. Eine \u00dcbersichtkarte mit &hellip; <a href=\"https:\/\/jonglieren-in-freiburg.de\/?page_id=1988\" class=\"more-link\"><span class=\"screen-reader-text\">&#8222;Verpflegung&#8220; <\/span>weiterlesen<\/a><\/p>\n","protected":false},"author":11,"featured_media":0,"parent":0,"menu_order":0,"comment_status":"closed","ping_status":"closed","template":"","meta":{"ngg_post_thumbnail":0,"footnotes":""},"class_list":["post-1988","page","type-page","status-publish","hentry"],"_links":{"self":[{"href":"https:\/\/jonglieren-in-freiburg.de\/index.php?rest_route=\/wp\/v2\/pages\/1988","targetHints":{"allow":["GET"]}}],"collection":[{"href":"https:\/\/jonglieren-in-freiburg.de\/index.php?rest_route=\/wp\/v2\/pages"}],"about":[{"href":"https:\/\/jonglieren-in-freiburg.de\/index.php?rest_route=\/wp\/v2\/types\/page"}],"author":[{"embeddable":true,"href":"https:\/\/jonglieren-in-freiburg.de\/index.php?rest_route=\/wp\/v2\/users\/11"}],"replies":[{"embeddable":true,"href":"https:\/\/jonglieren-in-freiburg.de\/index.php?rest_route=%2Fwp%2Fv2%2Fcomments&post=1988"}],"version-history":[{"count":13,"href":"https:\/\/jonglieren-in-freiburg.de\/index.php?rest_route=\/wp\/v2\/pages\/1988\/revisions"}],"predecessor-version":[{"id":3156,"href":"https:\/\/jonglieren-in-freiburg.de\/index.php?rest_route=\/wp\/v2\/pages\/1988\/revisions\/3156"}],"wp:attachment":[{"href":"https:\/\/jonglieren-in-freiburg.de\/index.php?rest_route=%2Fwp%2Fv2%2Fmedia&parent=1988"}],"curies":[{"name":"wp","href":"https:\/\/api.w.org\/{rel}","templated":true}]}}